+ 65/(-10))/(j/(-148)). Calculate the greatest common divisor of 74 and d.
37
Let v be 6/18*-3*0 + -4. Let s be ((-3 - 2) + -48)*-1 + v. Calculate the greatest common factor of 1519 and s.
49
Let n = -80 + -94. Let a = 324 + n. Let u be (a/40)/(6/16). What is the highest common divisor of u and 5?
5
Let g be 102/187 - (-183)/(-33). Let t be 2/g*(-13 - -3). Calculate the highest common divisor of t and 4.
4
Suppose -3070 = 2*w + 7222. Let m = 3406 + w. Let p be m/(-18) - (-2)/(-3). Calculate the highest common divisor of 144 and p.
48
Let z = -5168 + 5258. What is the highest common divisor of z and 486?
18
Suppose 0 = -n + 2, -5*a - 19 - 11 = -5*n. Let y(s) = -31*s + 63. Let u be y(a). Calculate the highest common factor of 11 and u.
11
Let r(z) = z + 2. Let o(w) = w + 1. Let j(f) = -3*o(f) + 2*r(f). Let m be j(-1). Let l = 27 - 26. What is the greatest common divisor of l and m?
1
Let w(u) = -901*u + 2734. Let r be w(3). Calculate the greatest common factor of 47 and r.
1
Suppose 0 = -18*d - 2*d + 5540. Let m = 407 - d. What is the highest common divisor of 10 and m?
10
Suppose 729 + 811 = 11*a. What is the highest common factor of 7840 and a?
140
Let o be 13 - 5192/(-14) - (-3)/21. What is the highest common divisor of o and 102?
6
Suppose 5*y - 31 = -2*f + 6, -4*f + 29 = y. Suppose 3*j = f*j. Suppose 2*r + j*r = -b + 24, -b + 5*r + 52 = 0. What is the highest common divisor of b and 288?
32
Let o(a) = -a**2 - 118*a - 2913. Let p be o(-41). Calculate the highest common factor of p and 6893.
61
Suppose 60*w + 8271 = 74391. What is the highest common factor of 116 and w?
58
Let s = -13845 + 13962. Suppose -i + 2*i + 4 = 0, h - 15 = 3*i. Let l be (h - (-15)/(-6))*26. Calculate the highest common divisor of s and l.
13
Suppose 0 = -4*p - 17*n + 12*n + 40, -5*n + 25 = 3*p. Calculate the highest common factor of 2055 and p.
15
Let q(v) = -v**3 + 28*v**2 - 78*v + 87. Let n be q(21). What is the highest common divisor of 588 and n?
12
Let f(v) = -v + 37. Let d be f(-10). Suppose -26 + d = m. Let c = 1 - -6. Calculate the greatest common factor of m and c.
7
Suppose -3*z + 20 = -p - 0*p, -z = -3*p + 4. Suppose z*f - 1722 = 6. Suppose 107*j = 111*j - f. What is the greatest common factor of 54 and j?
54
Suppose -3*r + 4*i = -2094, 17*i - 18*i = 0. Suppose -5*n = 2*j - 666, -r = -2*j + n + 2*n. Calculate the greatest common factor of j and 49.
49
Suppose 9 = 11*v - 10*v. Suppose -525 = -12*f - v*f. What is the highest common factor of f and 425?
25
Let j(v) = -6*v + 37. Let w be j(0). Let l = 58 - w. Calculate the greatest common factor of 273 and l.
21
Suppose -13*f + 140 = -11*f. Let c(m) = -m**3 - 26*m**2 + 2*m + 72. Let b be c(-26). Calculate the greatest common divisor of f and b.
10
Let o be (-6)/123 - 187625/(-1025). Calculate the highest common factor of o and 2.
1
Let t(l) = l**3 - 228*l**2 - 2*l + 240*l**2 - 39 - 9*l. Let s be t(-12). What is the greatest common divisor of 62 and s?
31
Suppose 0 = -y - 6, 5*y = -5*b - 0*b + 150. Suppose 7*p - 10 = 2*p. Let m be 4/((-13)/(-6) - p). Calculate the greatest common divisor of b and m.
12
Let t be (69/(-6) - -1)*2/(-3). Let j(d) = -d + 26 - t + 0*d. Let k be j(4). Calculate the highest common factor of 3 and k.
3
Suppose 1 = o - 7. Let p(v) = v**3 - 23*v**2 + 19*v + 2. Let u be p(15). Let w = u - -1533. Calculate the highest common factor of w and o.
4
Let g(r) = 10*r**2 + 216*r + 219. Let p be g(-1). Let w be -2 + (-5)/(10/(-16)). What is the highest common factor of p and w?
1
Suppose -5*f - s - 179 = -3*s, 4*s - 78 = 2*f. Let v = -5 - f. Calculate the greatest common divisor of 45 and v.
15
Let j = -149 + 387. What is the highest common factor of j and 34?
34
Let v = -1484 + 1574. What is the greatest common factor of v and 1098?
18
Let v be 165 - (18/(-2))/((-9)/(-6)). Suppose 4*h + 81 = 7*h. Calculate the highest common divisor of h and v.
9
Let w = 7612 - 7610. What is the highest common divisor of 847 and w?
1
Suppose u + 5*t + 60 = 2*u, 3*t = 3*u - 204. Let j(k) = 18*k + 1118. Let x be j(-61). What is the highest common divisor of x and u?
10
Suppose 61*o + 193590 = 158*o + 142*o. Calculate the greatest common factor of 35 and o.
5
Let q(m) = -m**3 - 30*m**2 + 36*m - 27. Let j be q(-31). Let c = -120 - j. What is the greatest common divisor of c and 62?
62
Let l(z) = -2*z**2 - 68*z - 12. Let u be l(-7). Calculate the greatest common divisor of 150 and u.
6
Let s(u) = -u**3 - 14*u**2 + 51*u + 35. Let q be s(-17). Suppose 3*b - 384 = -132. Suppose 4*f - f = b. What is the highest common divisor of q and f?
7
Suppose -5*j - 3*w + 32 = 0, -5*j + 35 = 5*w - 5. Suppose 14 = m + j*c - 0, 0 = -4*m + 3*c + 132. Calculate the highest common factor of m and 390.
30
Suppose 6*y + 5048 = -2*y. Let w = 143 - y. Suppose -7*l = -514 - w. What is the highest common factor of 8 and l?
8
Let n(x) = 5*x**2 - 29*x + 54. Let a be n(12). What is the highest common factor of a and 355?
71
Let z(v) = -61*v + 2101. Let f be z(34). Calculate the highest common divisor of 189 and f.
27
Let b(r) = -143*r + 2027. Let j be b(14). Calculate the highest common factor of 80 and j.
5
Suppose 0 = i + 3*i - 4. Let m be (6/(-4))/(i/(-22)). Suppose -1140*a - 8178 + 18049 = -15209. What is the highest common divisor of a and m?
11
Let o = 64 - 59. Suppose -15*y + o*y + 440 = 0. Let u = 80 - y. Calculate the greatest common divisor of u and 4.
4
Suppose -850*f + 198*f + 40448124 = 0. What is the greatest common factor of f and 9?
9
Suppose 3*w = -4*r + 325 - 1755, 2*w = 5*r + 1799. Let b = r - -425. What is the greatest common divisor of 154 and b?
22
Suppose -3*w + 81*s - 86*s - 2237 = 0, 0 = 3*w - 3*s + 2205. Let a = 964 + w. Calculate the greatest common divisor of 9 and a.
9
Suppose -18*i + 1633 = -2147. Suppose 130*s - 133*s + i = 0. Calculate the highest common divisor of 42 and s.
14
Let g(m) = 1020*m + 4364. Let f be g(-4). Calculate the greatest common divisor of f and 39476.
284
Let v = -5740 - -6493. Calculate the greatest common factor of v and 4769.
251
Suppose -8 = -2*z - 32. Let a be 8/(-12)*z - -4. Let v be a/(-48) - 26/(-8). Calculate the greatest common divisor of 24 and v.
3
Let f be (-982)/(-2) + (5 - 6). Suppose 0 = -5*p + f - 65. Let h(r) = 2*r**2 + 12*r - 20. Let v be h(-9). What is the highest common divisor of p and v?
17
Let h = -14822 + 34056. Calculate the highest common divisor of 118 and h.
118
Let f be (-9400)/(-28) - 4/(-14). Suppose 20*g + f = 28*g. Calculate the highest common divisor of 350 and g.
14
Suppose 2*d + 9*p = 8*p + 264, -5*d + 5*p + 675 = 0. Suppose -3*c = -199 + d. What is the highest common factor of c and 33?
11
Suppose -9*t + 2073 = 174. Suppose 4*u - t = 3*f, 3*u + 5*f - 64 = 116. What is the highest common divisor of u and 22?
11
Let v(f) = -f**3 + 12*f**2 + 2*f - 19. Let o be v(12). Suppose -o*y - 32 = -207. Suppose y*c - 121 = 34*c. Calculate the highest common divisor of c and 11.
11
Let u(a) = -a**2 - 6*a. Let g(q) = -5*q**2 - 33*q + 9. Let x(d) = g(d) - 4*u(d). Let p be x(-5). Calculate the highest common factor of p and 667.
29
Let l(s) = 177*s - 471. Let i be l(3). What is the highest common divisor of i and 75?
15
Suppose 2*h = r + 186, -18 = -4*r + 7*r. Calculate the highest common divisor of h and 525.
15
Let b be (-6)/(24/(-100))*2. Suppose -4*m = m - b. Suppose -52*t + m = -47*t. What is the greatest common factor of 4 and t?
2
Let h(l) = 3*l**2 - 3*l. Let a be h(-1). Suppose 5*z - 35 = -5*p, -a*p - 65 = -5*z - p. Let r = 47 - -73. Calculate the greatest common factor of r and z.
10
Let v be ((-36)/(-8) - -3)/((-12)/(-16)). Let m be (55/v)/(18/16 + -1). What is the greatest common factor of 4 and m?
4
Let l be (17/8 - 2) + 6045/(-40). Let v = l + 194. Calculate the highest common factor of 215 and v.
43
Suppose -7*x + 80 = -17*x. Let s be 132/10 - 12*x/120. Calculate the greatest common divisor of s and 266.
14
Suppose 4*t - 93 = 99. Suppose 43 = -59*x - 122*x + 1129. Calculate the highest common factor of t and x.
6
Let f be (4/(-5))/(2/(-10)). Suppose -5*c - 3*l - 364 = 0, -3*l + f = -2. Let r = c + 86. What is the highest common divisor of r and 6?
6
Let g(a) = 56*a. Let j be g(1). Let f = 175 + -149. Suppose f - 19 = d. Calculate the highest common divisor of